4*x - j - a, -x + 64 = 5*t. What is the tens digit of x?
3
Let p(z) = 16*z**2 - 15*z + 15. Let l be p(8). Suppose 1050 = 11*j - l. What is the tens digit of j?
7
Let y = 23 - 20. Suppose y*a = 9, -4*b + b = a - 705. What is the hundreds digit of b?
2
Let d = 5249 + 4511. What is the thousands digit of d?
9
Let p = -62 + 38. Let b be 90/4*p/(-12). What is the tens digit of (-4)/(-3)*(-45)/(-30) + b?
4
Let m = 10844 - 23597. What is the units digit of (-68)/51*m/12?
7
Suppose 56*t - 15 = 59*t. Let r = 67 + 17. Let a = r + t. What is the units digit of a?
9
Let x(l) = -2*l + 30. Let p be x(14). Suppose p = -2*n, -2*n = -5*v + v - 286. Let r = 109 + v. What is the tens digit of r?
3
Suppose -38160 = -28*c + 10*c. Suppose -2*r = 5*t - 2134, -c = -5*t + 2*r + 3*r. What is the tens digit of t?
2
Suppose -383 = -a + x, 4 + 1935 = 5*a + x. Let o = a - 223. What is the hundreds digit of o - ((-16)/(-4) + -3)?
1
Suppose 5*d = 4*y - 263, -d + 34 = -y + 100. Suppose 2*h + 10 = 0, 0 = -4*s + s + 4*h - 64. Let z = y + s. What is the tens digit of z?
3
Let l(k) = -60*k - 1. Suppose 5*i = 70 - 15. Suppose 5*j - 1 = -i. What is the units digit of l(j)?
9
Suppose -21*k - 22289 + 49756 + 24718 = 0. What is the units digit of k?
5
What is the thousands digit of 17/(((-3)/5595)/(5/(-25)))?
6
Let o = 228 + -452. What is the units digit of o/48*(-9)/7?
6
Suppose -4*d + 77*d - 80130 - 326845 = 0. What is the tens digit of d?
7
Let j(u) be the first derivative of 2*u**3/3 + 5*u**2 + 15*u - 17. Let m(r) = -r**3 - 20*r**2 + 20*r - 28. Let c be m(-21). What is the tens digit of j(c)?
4
Suppose 7 = 4*b - 17. Suppose -4*g + 5*x = -0*x - b, 5*g + 3*x + 11 = 0. What is the units digit of (-22)/(-33) + (217/(-3))/g?
3
Let p be ((-1)/(-2))/(2*(-2)/(-8)). What is the thousands digit of p*(12 - 8) - -1109?
1
What is the thousands digit of 27611 - (-185 - 13)/(-11)?
7
Suppose -2*u + 2*g + 2*g = 272, 0 = u + 3*g + 156. Let j be (7 - 0/2)*u/(-56). Suppose -3*d = -3*k + 6*k - 33, -j = -2*d - 4*k. What is the units digit of d?
3
Let o(x) be the first derivative of 13*x**3/3 - 3*x**2/2 + 48*x - 163. What is the hundreds digit of o(7)?
6
Suppose -4*a + 8*a - 140 = 0. What is the hundreds digit of (80/a - 10/35) + 412?
4
Let d(m) = 520*m**2 - 17*m - 34. What is the thousands digit of d(-4)?
8
Let f(l) = 357*l + 1154. What is the units digit of f(16)?
6
Suppose -4*f - 3*v - 1217 = 43, 4*f + 4*v = -1260. Let h = 524 + f. Let i = 327 - h. What is the hundreds digit of i?
1
Suppose 22*x + 25*x - 35088 = 35*x. What is the tens digit of x?
2
Let j(z) = 386*z + 6. Let d(l) = 3*l - 13. Let o be d(5). Let r be j(o). Suppose -642 = -10*b + r. What is the hundreds digit of b?
1
Suppose 2*f + x + 3247 = -4*x, 6559 = -4*f + 3*x. Let y = f + 2314. What is the units digit of y?
8
Let i be (16/8*-3)/(6/8). What is the hundreds digit of (-7205)/(-55)*(i/2)/(-2)?
2
Let w(c) = 4*c**2 + 13*c + 22. Suppose 2*a + 5*r + 11 = 0, -3*a + 4*r = 20 - 15. What is the units digit of w(a)?
9
Suppose -88*p - 1583882 = -290*p. What is the hundreds digit of p?
8
Let b(h) = -4*h + 23. Let z be (10/6)/(-2*1/(-6)). Let g be b(z). Suppose -g*r + 162 = 3*x, 0 = r - 4*x - 40 - 29. What is the units digit of r?
7
Suppose -3*s = -0*s + 156. Let z = -48 - s. Suppose -149 = -3*g + z*m - 0*m, 4*m = -2*g + 126. What is the tens digit of g?
5
Suppose -796924 = -73*y + 28049. What is the tens digit of y?
0
Suppose -3*d = -4 + 4. Suppose -4*i - 5*w - 12 = 0, d*i - w = 2*i. What is the units digit of (1 - i)/(1/(-54))?
4
Let d(f) = f**2 + f - 127. Let h(y) = -3*y - 102. Let u be h(-27). What is the hundreds digit of d(u)?
2
Suppose 4771 + 5309 = 21*h. Suppose -479*y = -h*y + 393. What is the tens digit of y?
9
Suppose -6*y - 191 = 487. Let h = 338 + y. What is the hundreds digit of h?
2
Let m = 910 + -509. Let k = -380 + m. What is the tens digit of k?
2
Let k(x) = -3350*x - 1230. What is the tens digit of k(-17)?
2
Let f(p) = 103*p - 86. Let v be f(-5). Let y = 1049 + v. What is the tens digit of y?
4
Let y be (-24)/12 - 16920/(-4). Suppose y = 6*v + v. What is the hundreds digit of v?
6
Let f(b) = b**2 + 18*b + 71. Let y be f(-12). What is the tens digit of 401/1 - (y - -1)?
0
Let q(s) = 1190*s**2 + 189*s + 922. What is the tens digit of q(-5)?
2
Suppose 13*p = 114 - 49. Suppose -591 = -2*v - p*y, -2*y = 3*v - 4*y - 858. What is the hundreds digit of v?
2
Suppose -65863 = 27*f - 10*f - 241439. What is the thousands digit of f?
0
Suppose 2*s + d = 7*s - 10, 2*d = -2*s + 16. Suppose 0 = j - c - 378, 5*c - 790 = -s*j + 352. What is the tens digit of j?
7
Suppose 5*u + 10 = 0, 2*u = -4*y + 41504 - 7388. What is the hundreds digit of y?
5
Let v = -13 - -17. Suppose -5*q + 35 = -4*r - r, 5*q - 44 = -v*r. Suppose -2*c = -4*c - q, -n + 20 = c. What is the units digit of n?
4
Let o = -12829 + 19741. Suppose 11*j + 13*j = o. What is the hundreds digit of j?
2
Suppose 3*m - 21*m - 7*m = -1060375. What is the thousands digit of m?
2
What is the units digit of ((-667)/(-3) - -1)*(13 - (-14 + 6))?
0
What is the units digit of ((-24)/(-45) - (-6)/45) + (-60049)/(-3)?
7
Let z be 5/(75/(-9))*(-16 + 6). Suppose 2*v - 616 = 4*p, 4*v - 1256 = 2*p - z*p. What is the tens digit of v?
1
Let p(w) = 7090*w**2 - 45*w + 19. What is the hundreds digit of p(2)?
2
Suppose 2163 = 4*q - 109. What is the hundreds digit of q?
5
Suppose -5*d + 5*t - 153 = -8, -2*d = -4*t + 50. Suppose -241*k = -243*k - 2*l + 206, 4*k - l = 422. Let s = d + k. What is the units digit of s?
2
Suppose -4*f + 10*v = 11*v - 27030, -6*f - 4*v + 40560 = 0. What is the thousands digit of f?
6
Let c = 249 - 251. What is the units digit of 577/4 + c - (-9)/(-36)?
2
Let h = 7962 + 692. What is the thousands digit of h?
8
Suppose 24*m + 3*w - 14715 = 22*m, -5*m + 36792 = 3*w. What is the units digit of m?
9
Let b = 3728 - 2685. What is the units digit of b?
3
Let v be (-16)/(-10)*(-14580)/(-432). Suppose 130 - 19 = 3*j. Let o = v + j. What is the tens digit of o?
9
Suppose 2*v - u - 10933 = 0, -2*u - 637 + 643 = 0. What is the tens digit of v?
6
Let s(t) = -61*t - 2. Let q(n) = 2*n**2 - 16*n + 19. Let y be q(6). What is the hundreds digit of s(y)?
3
Suppose -55033 = -5*h + 2*q, 35*h + 4*q = 38*h - 33031. What is the hundreds digit of h?
0
Let j(r) = -5077*r + 610. What is the units digit of j(-2)?
4
Suppose 0 = x - 4*o + 1 + 1, -2*x + 9 = 5*o. Suppose 3*l + x = 5*l, -14 = 3*b - 5*l. Let s(g) = g**3 + 6*g**2 + g - 5. What is the units digit of s(b)?
9
Let y(v) = 309*v**3 + 2*v**2 + 4*v + 2. Let l be y(-1). Let i = l + 449. What is the units digit of i?
0
Let l = 42853 - -3119. What is the thousands digit of l?
5
Let f be (-4 + 3 - 0)*0. Let i be 1/6 - 4*(-1)/(-24). Suppose i = -f*r - 3*r + 12. What is the units digit of r?
4
Let d = 38 - 36. Suppose -d*p - 48 = -748. What is the tens digit of p?
5
Let j = 68470 - 33180. What is the hundreds digit of j?
2
Suppose -u = 3*s - 284, -2*s + 5*s + 1031 = 4*u. What is the tens digit of u?
6
Let a(c) = -212*c + 52. Let z be a(6). Let m = 1914 + z. What is the hundreds digit of m?
6
Suppose 4610131 = 318*b - 2323859. What is the ten thousands digit of b?
2
Let j be 2 + 27/24 + 14/(-112). Suppose -j*y - r + 2916 = 0, -y + r = 6*r - 958. What is the hundreds digit of y?
9
Let c(n) = 8*n**3 - 364*n**2 + 124*n + 15. What is the thousands digit of c(46)?
4
Suppose -r = 2, -2*c - 3*c - 5*r = 0. What is the hundreds digit of 4/(-60)*-3385 - c/(-6)?
2
Let j(v) = -1770*v**3 + 12*v + 516 + 1771*v**3 - 4*v + v**2 + 476. What is the hundreds digit of j(0)?
9
Let u = 4356 + -2993. What is the thousands digit of u?
1
Let h = 87 + -89. What is the hundreds digit of 41*(-100)/(-24) - h/12?
1
Let c(o) = 18*o**3 - 5*o**2 + 16*o - 4. Let r be c(3). Let u = r + -333. What is the tens digit of u?
5
Let m be 1104/(-64)*(-784)/12. Suppose m*r - 1125*r = 1172. What is the hundreds digit of r?
5
Let a be -4*1 - (-6 + -1). Suppose -d = -9 + 7, -d = -a*w + 790. What is the units digit of w?
4
Let x = 15638 - -16400. What is the thousands digit of x?
2
Suppose -2*n - 6*t + 6048 = -2570, 0 = n + t - 4319. What is the tens digit of n?
2
Suppose c + b - 4758 = -3*c, -3*b = -4*c + 4766. Suppose 2*g + 5*j - 861 = c, j + 1043 = g. What is the tens digit of g?
3
Suppose -r - 7 = 3*i + r,